{"id":342,"date":"2015-03-10T02:45:48","date_gmt":"2015-03-10T02:45:48","guid":{"rendered":"http:\/\/structure.thememove.com\/01\/?page_id=342"},"modified":"2024-09-07T00:02:57","modified_gmt":"2024-09-07T00:02:57","slug":"instalaciones-electromecanicas","status":"publish","type":"page","link":"https:\/\/besolutions.com.mx\/new\/instalaciones-electromecanicas\/","title":{"rendered":"Instalaciones Electromec\u00e1nicas"},"content":{"rendered":"<p>[et_pb_section fb_built=\u00bb1&#8243; admin_label=\u00bbsection\u00bb _builder_version=\u00bb4.27.0&#8243; background_enable_color=\u00bboff\u00bb use_background_color_gradient=\u00bbon\u00bb background_color_gradient_stops=\u00bb#ffffff 0%|gcid-c67e4c14-9f9a-4541-bcfb-a3dbe227e267 69%\u00bb custom_margin=\u00bb0px||0px||false|false\u00bb custom_padding=\u00bb0px||0px||false|false\u00bb locked=\u00bboff\u00bb global_colors_info=\u00bb{%22gcid-67960745-cc0c-4d73-b86b-ef2d6023be78%22:%91%22background_color%22,%22background_color%22,%22background_color%22%93}\u00bb][et_pb_row _builder_version=\u00bb4.20.0&#8243; _module_preset=\u00bbdefault\u00bb locked=\u00bboff\u00bb global_colors_info=\u00bb{}\u00bb][et_pb_column type=\u00bb4_4&#8243; _builder_version=\u00bb4.20.0&#8243; _module_preset=\u00bbdefault\u00bb global_colors_info=\u00bb{}\u00bb][et_pb_text _builder_version=\u00bb4.27.0&#8243; _module_preset=\u00bb4de7c9b7-567e-4a5d-bf83-cdf4aab7b3c6&#8243; text_font=\u00bbOutfit||||||||\u00bb text_text_color=\u00bb#999999&#8243; text_font_size=\u00bb19px\u00bb header_2_font=\u00bbMontserrat|700|||||||\u00bb header_2_font_size=\u00bb66px\u00bb custom_margin=\u00bb0px||0px||false|false\u00bb custom_padding=\u00bb0px||20px||false|false\u00bb global_colors_info=\u00bb{}\u00bb]<\/p>\n<p>SERVICIOS<\/p>\n<p>[\/et_pb_text][et_pb_divider divider_weight=\u00bb2px\u00bb _builder_version=\u00bb4.27.0&#8243; _module_preset=\u00bbdefault\u00bb custom_margin=\u00bb0px||0px||false|false\u00bb custom_padding=\u00bb0px||0px||false|false\u00bb global_colors_info=\u00bb{}\u00bb][\/et_pb_divider][et_pb_text _builder_version=\u00bb4.27.0&#8243; _module_preset=\u00bb4de7c9b7-567e-4a5d-bf83-cdf4aab7b3c6&#8243; header_2_font=\u00bbOutfit|500|||||||\u00bb header_2_text_align=\u00bbcenter\u00bb header_2_font_size=\u00bb66px\u00bb custom_margin=\u00bb0px||0px||false|false\u00bb custom_padding=\u00bb0px||0px||false|false\u00bb hover_enabled=\u00bb0&#8243; global_colors_info=\u00bb{}\u00bb header_2_font_size_last_edited=\u00bbon|phone\u00bb sticky_enabled=\u00bb0&#8243; header_2_font_size_tablet=\u00bb50px\u00bb header_2_font_size_phone=\u00bb40px\u00bb]<\/p>\n<h2>Instalaciones Electromec\u00e1nicas<\/h2>\n<p>[\/et_pb_text][\/et_pb_column][\/et_pb_row][et_pb_row _builder_version=\u00bb4.27.0&#8243; _module_preset=\u00bbdefault\u00bb custom_margin=\u00bb0px||0px||false|false\u00bb custom_padding=\u00bb0px||0px||false|false\u00bb global_colors_info=\u00bb{}\u00bb][et_pb_column type=\u00bb4_4&#8243; _builder_version=\u00bb4.27.0&#8243; _module_preset=\u00bbdefault\u00bb global_colors_info=\u00bb{}\u00bb][et_pb_image src=\u00bbhttps:\/\/besolutions.com.mx\/new\/wp-content\/uploads\/2017\/04\/instalaciones-electromecanicas-abril-1-besolutions-.jpg\u00bb alt=\u00bbInstalaciones Electromec\u00e1nicas Be Solutions | Venta, renta y mantenimiento de Generadores El\u00e9ctricos\u00bb title_text=\u00bbInstalaciones Electromec\u00e1nicas Be Solutions | Venta, renta y mantenimiento de Generadores El\u00e9ctricos\u00bb force_fullwidth=\u00bbon\u00bb _builder_version=\u00bb4.27.0&#8243; _module_preset=\u00bbdefault\u00bb custom_margin=\u00bb0px||0px||false|false\u00bb custom_padding=\u00bb0px||0px||false|false\u00bb border_radii=\u00bboff|||15px|15px\u00bb global_colors_info=\u00bb{}\u00bb][\/et_pb_image][et_pb_divider show_divider=\u00bboff\u00bb _builder_version=\u00bb4.27.0&#8243; _module_preset=\u00bbdefault\u00bb height=\u00bb20px\u00bb custom_margin=\u00bb0px||0px||false|false\u00bb custom_padding=\u00bb0px||0px||false|false\u00bb global_colors_info=\u00bb{}\u00bb][\/et_pb_divider][\/et_pb_column][\/et_pb_row][et_pb_row column_structure=\u00bb1_2,1_2&#8243; _builder_version=\u00bb4.27.0&#8243; _module_preset=\u00bbdefault\u00bb custom_margin=\u00bb0px||0px||false|false\u00bb custom_padding=\u00bb0px||0px||false|false\u00bb global_colors_info=\u00bb{}\u00bb][et_pb_column type=\u00bb1_2&#8243; _builder_version=\u00bb4.27.0&#8243; _module_preset=\u00bbdefault\u00bb global_colors_info=\u00bb{}\u00bb][et_pb_divider show_divider=\u00bboff\u00bb _builder_version=\u00bb4.27.0&#8243; _module_preset=\u00bbdefault\u00bb height=\u00bb20px\u00bb custom_margin=\u00bb0px||0px||false|false\u00bb custom_padding=\u00bb0px||0px||false|false\u00bb global_colors_info=\u00bb{}\u00bb][\/et_pb_divider][et_pb_text _builder_version=\u00bb4.27.0&#8243; _module_preset=\u00bb_initial\u00bb header_2_font=\u00bbOutfit|300|||||||\u00bb header_2_text_color=\u00bbgcid-40afeb94-f3a1-4b01-a695-ff82654e75f2&#8243; header_2_font_size=\u00bb30px\u00bb header_2_line_height=\u00bb1.3em\u00bb custom_margin=\u00bb||10px||false|false\u00bb header_2_font_size_tablet=\u00bb32px\u00bb header_2_font_size_phone=\u00bb20px\u00bb header_2_font_size_last_edited=\u00bbon|desktop\u00bb locked=\u00bboff\u00bb global_colors_info=\u00bb{%22gcid-40afeb94-f3a1-4b01-a695-ff82654e75f2%22:%91%22header_2_text_color%22%93}\u00bb]<\/p>\n<h2>Desarrollo de Proyectos<\/h2>\n<p>[\/et_pb_text][et_pb_divider divider_weight=\u00bb2px\u00bb _builder_version=\u00bb4.27.0&#8243; _module_preset=\u00bbdefault\u00bb custom_margin=\u00bb0px||0px||false|false\u00bb custom_padding=\u00bb0px||0px||false|false\u00bb global_colors_info=\u00bb{}\u00bb][\/et_pb_divider][et_pb_text _builder_version=\u00bb4.27.0&#8243; _module_preset=\u00bbdefault\u00bb text_font=\u00bbOutfit||||||||\u00bb global_colors_info=\u00bb{}\u00bb]<\/p>\n<p style=\"text-align: justify;\"><span>Dentro de nuestros servicios est\u00e1 el desarrollar proyectos electromec\u00e1nicos dentro de los cuales podemos mencionar desarrollos habitacionales, centro comerciales, centros culturales, deportivos instalando y proyectando de acuerdo a las necesidades de nuestros clientes.<\/span><\/p>\n<p>[\/et_pb_text][\/et_pb_column][et_pb_column type=\u00bb1_2&#8243; _builder_version=\u00bb4.27.0&#8243; _module_preset=\u00bbdefault\u00bb global_colors_info=\u00bb{}\u00bb][et_pb_divider show_divider=\u00bboff\u00bb _builder_version=\u00bb4.27.0&#8243; _module_preset=\u00bbdefault\u00bb height=\u00bb20px\u00bb custom_margin=\u00bb0px||0px||false|false\u00bb custom_padding=\u00bb0px||0px||false|false\u00bb global_colors_info=\u00bb{}\u00bb][\/et_pb_divider][et_pb_text _builder_version=\u00bb4.27.0&#8243; _module_preset=\u00bb_initial\u00bb header_2_font=\u00bbOutfit|300|||||||\u00bb header_2_text_color=\u00bbgcid-40afeb94-f3a1-4b01-a695-ff82654e75f2&#8243; header_2_font_size=\u00bb30px\u00bb header_2_line_height=\u00bb1.3em\u00bb custom_margin=\u00bb||10px||false|false\u00bb header_2_font_size_tablet=\u00bb32px\u00bb header_2_font_size_phone=\u00bb20px\u00bb header_2_font_size_last_edited=\u00bbon|desktop\u00bb locked=\u00bboff\u00bb global_colors_info=\u00bb{%22gcid-40afeb94-f3a1-4b01-a695-ff82654e75f2%22:%91%22header_2_text_color%22%93}\u00bb]<\/p>\n<h2>Diferentes \u00c1reas<\/h2>\n<p>[\/et_pb_text][et_pb_divider divider_weight=\u00bb2px\u00bb _builder_version=\u00bb4.27.0&#8243; _module_preset=\u00bbdefault\u00bb custom_margin=\u00bb0px||0px||false|false\u00bb custom_padding=\u00bb0px||0px||false|false\u00bb global_colors_info=\u00bb{}\u00bb][\/et_pb_divider][et_pb_text _builder_version=\u00bb4.27.0&#8243; _module_preset=\u00bbdefault\u00bb text_font=\u00bbOutfit||||||||\u00bb global_colors_info=\u00bb{}\u00bb]<\/p>\n<ul class=\"listing\">\n<li>Subestaciones.<\/li>\n<li>L\u00edneas de Alta, Media y Baja Tensi\u00f3n.<\/li>\n<li>Instalaci\u00f3n de Fibra \u00d3ptica, tendido A\u00e9reo e Instalaci\u00f3n Canalizada.<\/li>\n<li>Instalaciones El\u00e9ctricas, Industriales, Comerciales y Residenciales.<\/li>\n<li>Equipamiento Electromec\u00e1nico (C\u00e1rcamo, Pozos, Plantas de Tratamiento de Agua, Redes de Conducci\u00f3n).<\/li>\n<li>Alumbrado P\u00fablico Industrial y Comercial<\/li>\n<li>Sistemas Contra Incendio.<\/li>\n<li>Sistemas Booster.<\/li>\n<li>Sistemas Hidroneum\u00e1tico.<\/li>\n<\/ul>\n<p>[\/et_pb_text][\/et_pb_column][\/et_pb_row][\/et_pb_section][et_pb_section fb_built=\u00bb1&#8243; _builder_version=\u00bb4.27.0&#8243; _module_preset=\u00bbdefault\u00bb background_color=\u00bb#f6f5f4&#8243; custom_margin=\u00bb0px||0px||false|false\u00bb custom_padding=\u00bb0px||0px||false|false\u00bb locked=\u00bboff\u00bb global_colors_info=\u00bb{}\u00bb][et_pb_row _builder_version=\u00bb4.27.0&#8243; _module_preset=\u00bbdefault\u00bb custom_margin=\u00bb0px||0px||false|false\u00bb custom_padding=\u00bb0px||0px||false|false\u00bb global_colors_info=\u00bb{}\u00bb][et_pb_column type=\u00bb4_4&#8243; _builder_version=\u00bb4.27.0&#8243; _module_preset=\u00bbdefault\u00bb global_colors_info=\u00bb{}\u00bb][et_pb_divider show_divider=\u00bboff\u00bb _builder_version=\u00bb4.27.0&#8243; _module_preset=\u00bbdefault\u00bb height=\u00bb60px\u00bb custom_margin=\u00bb0px||0px||false|false\u00bb custom_padding=\u00bb0px||0px||false|false\u00bb global_colors_info=\u00bb{}\u00bb][\/et_pb_divider][\/et_pb_column][\/et_pb_row][\/et_pb_section][et_pb_section fb_built=\u00bb1&#8243; _builder_version=\u00bb4.27.0&#8243; _module_preset=\u00bbdefault\u00bb use_background_color_gradient=\u00bbon\u00bb background_color_gradient_direction=\u00bb125deg\u00bb background_color_gradient_stops=\u00bb#fdc502 55%|#f7b200 69%\u00bb custom_margin=\u00bb0px||0px||false|false\u00bb custom_padding=\u00bb30px||30px||false|false\u00bb global_module=\u00bb76046&#8243; global_colors_info=\u00bb{}\u00bb][et_pb_row column_structure=\u00bb3_4,1_4&#8243; make_equal=\u00bbon\u00bb _builder_version=\u00bb4.27.0&#8243; _module_preset=\u00bbdefault\u00bb custom_margin=\u00bb0px||0px||false|false\u00bb custom_padding=\u00bb0px||0px||false|false\u00bb global_colors_info=\u00bb{}\u00bb][et_pb_column type=\u00bb3_4&#8243; _builder_version=\u00bb4.27.0&#8243; _module_preset=\u00bbdefault\u00bb global_colors_info=\u00bb{}\u00bb][et_pb_text _builder_version=\u00bb4.27.0&#8243; _module_preset=\u00bbdefault\u00bb text_font=\u00bbOutfit|600|||||||\u00bb text_text_color=\u00bb#FFFFFF\u00bb text_font_size=\u00bb18px\u00bb text_letter_spacing=\u00bb1px\u00bb text_orientation=\u00bbcenter\u00bb background_layout=\u00bbdark\u00bb custom_margin=\u00bb0px||0px||false|false\u00bb custom_padding=\u00bb7px||0px||false|false\u00bb global_colors_info=\u00bb{}\u00bb]<\/p>\n<p>Si quieres saber m\u00e1s sobre nuestros productos y servicios<\/p>\n<p>[\/et_pb_text][\/et_pb_column][et_pb_column type=\u00bb1_4&#8243; _builder_version=\u00bb4.27.0&#8243; _module_preset=\u00bbdefault\u00bb global_colors_info=\u00bb{}\u00bb][et_pb_button button_url=\u00bb@ET-DC@eyJkeW5hbWljIjp0cnVlLCJjb250ZW50IjoicG9zdF9saW5rX3VybF9wYWdlIiwic2V0dGluZ3MiOnsicG9zdF9pZCI6IjczODk4In19@\u00bb button_text=\u00bbCont\u00e1ctanos\u00bb button_alignment=\u00bbleft\u00bb button_alignment_tablet=\u00bbcenter\u00bb button_alignment_phone=\u00bb\u00bb button_alignment_last_edited=\u00bbon|phone\u00bb _builder_version=\u00bb4.27.0&#8243; _dynamic_attributes=\u00bbbutton_url\u00bb _module_preset=\u00bbdefault\u00bb custom_button=\u00bbon\u00bb button_text_size=\u00bb18px\u00bb button_text_color=\u00bb#FFFFFF\u00bb button_bg_color=\u00bbgcid-primary-color\u00bb button_border_width=\u00bb2px\u00bb button_border_color=\u00bb#FFFFFF\u00bb button_border_radius=\u00bb7px\u00bb button_font=\u00bbOutfit|500|||||||\u00bb button_icon=\u00bb&#x39;||divi||400&#8243; button_icon_color=\u00bb#FFFFFF\u00bb button_icon_placement=\u00bbleft\u00bb custom_margin=\u00bb0px||0px|-19px|false|false\u00bb custom_padding=\u00bb0px||0px||false|false\u00bb locked=\u00bboff\u00bb global_colors_info=\u00bb{%22gcid-bfa7fe62-254b-41c2-9e7c-1655cf29ea48%22:%91%22button_bg_color__hover%22%93,%22gcid-primary-color%22:%91%22button_bg_color%22%93}\u00bb button_text_color__hover_enabled=\u00bbon|hover\u00bb button_text_color__hover=\u00bb#FFFFFF\u00bb button_bg_color__hover_enabled=\u00bbon|desktop\u00bb button_bg_color__hover=\u00bb#ffa100&#8243; button_bg_enable_color__hover=\u00bbon\u00bb][\/et_pb_button][\/et_pb_column][\/et_pb_row][\/et_pb_section]<\/p>\n","protected":false},"excerpt":{"rendered":"<p>SERVICIOSInstalaciones Electromec\u00e1nicasDesarrollo de ProyectosDentro de nuestros servicios est\u00e1 el desarrollar proyectos electromec\u00e1nicos dentro de los cuales podemos mencionar desarrollos habitacionales, centro comerciales, centros culturales, deportivos instalando y proyectando de acuerdo a las necesidades de nuestros clientes.Diferentes \u00c1reas Subestaciones. L\u00edneas de Alta, Media y Baja Tensi\u00f3n. Instalaci\u00f3n de Fibra \u00d3ptica, tendido A\u00e9reo e Instalaci\u00f3n Canalizada. Instalaciones [&hellip;]<\/p>\n","protected":false},"author":5,"featured_media":0,"parent":0,"menu_order":0,"comment_status":"closed","ping_status":"closed","template":"","meta":{"_et_pb_use_builder":"on","_et_pb_old_content":"[vc_row css=\".vc_custom_1472168684882{margin-bottom: 10px !important;}\"][vc_column width=\"1\/2\"][vc_column_text css_animation=\"left-to-right\"]Dentro de nuestros servicios est\u00e1 el desarrollar proyectos electromec\u00e1nicos dentro de los cuales podemos mencionar desarrollos habitacionales, centro comerciales, centros culturales, deportivos instalando y proyectando de acuerdo a las necesidades de nuestros clientes.\n\n- Subestaciones.\n- Li\u0301neas de Alta, Media y Baja Tensio\u0301n.\n- Instalacio\u0301n de Fibra O\u0301ptica, Tendido Ae\u0301reo e Instalacio\u0301n Canalizada.\n- Instalaciones Ele\u0301ctricas, Industriales, Comerciales y Residenciales.\n- Equipamiento Electromeca\u0301nico (Ca\u0301rcamo, Pozos, Plantas de Tratamiento de Agua, Redes\nde Conduccio\u0301n)\n- Alumbrado Pu\u0301blico Industrial y Comercial.\n- Sistemas Contra Incendio.\n- Sistemas Booster.\n- Sistemas Hidroneuma\u0301tico.[\/vc_column_text][\/vc_column][vc_column width=\"1\/2\"][vc_column_text css_animation=\"right-to-left\"]<img class=\"aligncenter size-full wp-image-75289\" src=\"https:\/\/besolutions.com.mx\/wp-content\/uploads\/2015\/03\/instalaciones-electromecanicas.jpg\" alt=\"Instalaciones Electrom\u00e9cancias en Mexico, DF hoy CDMX\" width=\"600\" height=\"405\" \/>[\/vc_column_text][\/vc_column][\/vc_row][vc_row equal_height=\"yes\" background_color=\"#fdc502\" el_class=\"intro5\" css=\".vc_custom_1472168818592{margin-top: 50px !important;margin-right: 0px !important;margin-left: 0px !important;background-color: #f7b200 !important;}\"][vc_column width=\"3\/4\" css=\".vc_custom_1460183897371{padding-top: 0px !important;padding-bottom: 0px !important;background-color: #fdc502 !important;}\"][vc_custom_heading text=\"Para m\u00e1s informaci\u00f3n\" font_container=\"tag:h2|font_size:20|text_align:left|color:%23ffffff\"][\/vc_column][vc_column width=\"1\/4\"][vc_btn title=\"CONT\u00c1CTANOS\" style=\"custom\" custom_text=\"#ffffff\" link=\"url:%2Fcontacto%2F|||\"][\/vc_column][\/vc_row]","_et_gb_content_width":"","inline_featured_image":false,"footnotes":""},"class_list":["post-342","page","type-page","status-publish","hentry"],"_links":{"self":[{"href":"https:\/\/besolutions.com.mx\/new\/wp-json\/wp\/v2\/pages\/342","targetHints":{"allow":["GET"]}}],"collection":[{"href":"https:\/\/besolutions.com.mx\/new\/wp-json\/wp\/v2\/pages"}],"about":[{"href":"https:\/\/besolutions.com.mx\/new\/wp-json\/wp\/v2\/types\/page"}],"author":[{"embeddable":true,"href":"https:\/\/besolutions.com.mx\/new\/wp-json\/wp\/v2\/users\/5"}],"replies":[{"embeddable":true,"href":"https:\/\/besolutions.com.mx\/new\/wp-json\/wp\/v2\/comments?post=342"}],"version-history":[{"count":5,"href":"https:\/\/besolutions.com.mx\/new\/wp-json\/wp\/v2\/pages\/342\/revisions"}],"predecessor-version":[{"id":76329,"href":"https:\/\/besolutions.com.mx\/new\/wp-json\/wp\/v2\/pages\/342\/revisions\/76329"}],"wp:attachment":[{"href":"https:\/\/besolutions.com.mx\/new\/wp-json\/wp\/v2\/media?parent=342"}],"curies":[{"name":"wp","href":"https:\/\/api.w.org\/{rel}","templated":true}]}}